c(-3).
36
Let v(y) = -9*y + 39. Calculate v(5).
-6
Let i(o) = -44*o + 165. Give i(4).
-11
Let b(s) = s + 86. Give b(-38).
48
Let l(s) = s**3 + 22*s**2 + 23*s + 43. Give l(-21).
1
Let b(j) = -j**2 - 11*j - 6. What is b(-7)?
22
Let v(y) = 6*y**2 + 3*y - 1. What is v(2)?
29
Let y(x) = -x**3 + 7*x**2 - 6*x + 9. Calculate y(4).
33
Let k(x) = -3*x**3 - 2*x. What is k(-1)?
5
Let s(d) = -54*d**2 + 2*d - 1. Give s(1).
-53
Let w(a) = -2*a**3 - 2*a**2 - 3*a - 3. What is w(-2)?
11
Let q(v) = v + 5. Determine q(-12).
-7
Let s(m) = m**3 - 2*m**2 - 3. What is s(3)?
6
Let d(h) = h**3 - 7*h**2 - h - 6. Calculate d(7).
-13
Let s(y) = -y**3 + 17*y**2 - 13*y + 23. What is s(16)?
71
Let f(z) = 20*z + 197. Give f(-10).
-3
Let q(a) = 4*a + 8. What is q(-4)?
-8
Let n(m) = 4*m - 57. What is n(18)?
15
Let p(x) = -x**3 - 10*x**2 - 9*x + 3. What is p(-9)?
3
Let z(j) = -j**3 - 10*j**2 - 9*j + 6. Give z(-9).
6
Let v(h) = -h**2 + 6*h + 4. Determine v(7).
-3
Let q(o) = -o**2 - 12*o + 29. Give q(-14).
1
Let g(z) = z**3 - 10*z**2 + 15*z + 2. Give g(7).
-40
Let j(y) = 6*y**2 + 42*y + 9. Determine j(-6).
-27
Let q(c) = -c**3 - 8*c**2 - 5*c + 6. Give q(-7).
-8
Let b(d) = -d**3 + 17*d**2 - 16*d + 8. Give b(16).
8
Let v(g) = 6*g**2 + 52*g - 17. Determine v(-9).
1
Let u(l) = -4*l + 45. Give u(13).
-7
Let k(o) = -o**3 + 2*o**2 - 4*o + 8. Give k(0).
8
Let z(x) = x**3 - 4*x**2 - 7*x + 7. Calculate z(6).
37
Let s(d) = d**2 - 4*d + 13. Give s(9).
58
Let c(p) = p**3 - 9*p**2 - 11*p + 12. Calculate c(10).
2
Let i(j) = -j**3 - 8*j**2 + 10*j + 6. Determine i(-9).
-3
Let b(d) = d**3 - 4*d**2 - 2*d - 4. What is b(5)?
11
Let i(b) = 2*b**2 - 12*b + 7. Give i(6).
7
Let z(r) = 2*r**3 - 62*r**2 - r + 38. Determine z(31).
7
Let z(a) = a**3 - 3*a**2 - a + 1. Determine z(2).
-5
Let z(s) = -6*s**3 - 16*s**2 - 2*s + 4. What is z(-3)?
28
Let y(a) = a**2 + 30. Calculate y(0).
30
Let t(f) = f**3 + 12*f**2 + 7*f - 36. Give t(-11).
8
Let w(m) = -4*m - 16. What is w(-13)?
36
Let k(u) = 3*u**2 + 6*u - 4. Calculate k(-3).
5
Let c(k) = -12*k + 1. What is c(1)?
-11
Let h(y) = y**2 - 14*y + 21. What is h(8)?
-27
Let j(r) = r**3 + 4*r**2 - 3*r. What is j(-5)?
-10
Let v(p) = -p**3 - 5*p**2 + p - 6. Give v(-4).
-26
Let x(u) = 7*u**2 - 3*u - 4. What is x(2)?
18
Let q(h) = -h**2 + 9*h - 13. Determine q(0).
-13
Let y(v) = -v**3 - 15*v**2 - 55*v - 3. What is y(-5)?
22
Let c(w) = -w**3 + 2*w**2 + w - 4. Calculate c(0).
-4
Let b(u) = -3*u**3 - 29*u**2 + 2*u - 9. Determine b(-10).
71
Let q(x) = -x + 9. Give q(6).
3
Let a(u) = u + 7. Give a(-7).
0
Let a(d) = 6*d - 3. Calculate a(5).
27
Let b(p) = 3*p**2 - 34*p + 9. Give b(11).
-2
Let t(r) = r**2 + 71*r + 71. Give t(-1).
1
Let q(w) = w**2 + 8*w + 7. Calculate q(-11).
40
Let y(r) = r**3 + 4*r**2 + 3*r + 2. What is y(-2)?
4
Let z(y) = 2*y - 38. Determine z(19).
0
Let b(d) = d**3 - 22*d**2 + 19*d + 37. Give b(21).
-5
Let d(r) = 118*r - 339. What is d(3)?
15
Let o(g) = g**3 + 13*g**2 - 13*g + 8. Determine o(-14).
-6
Let g(r) = r**2 - 13*r + 36. Calculate g(6).
-6
Let t(a) = a**2 - 11*a + 24. Calculate t(8).
0
Let a(r) = -6*r**3 - r**2 - 3*r - 2. What is a(-2)?
48
Let p(y) = -2*y**2 + 16*y. Give p(6).
24
Let f(m) = -3*m + 13. What is f(6)?
-5
Let k(r) = 7*r**2 + 3*r - 2. What is k(-3)?
52
Let x(b) = b**3 + 4*b**2 + b + 5. What is x(-3)?
11
Let v(u) = -9*u - 25. Give v(-13).
92
Let a(l) = 3*l + 45. What is a(-14)?
3
Let o(j) = -6*j + 121. What is o(17)?
19
Let z(r) = -r**3 - 6*r**2 + 6. What is z(-6)?
6
Let r(u) = -2*u**3 + 18*u**2 - u + 18. Give r(9).
9
Let t(n) = n**3 - 5*n**2 + 2*n - 3. What is t(4)?
-11
Let a(o) = 3*o + 52. Give a(-21).
-11
Let w(y) = -36*y - 86. What is w(-3)?
22
Let r(u) = -u - 62. What is r(-13)?
-49
Let f(l) = -2*l - 28. What is f(-6)?
-16
Let j(u) = 4*u + 20. Calculate j(-7).
-8
Let c(d) = 2*d**3 - 3*d + 2. Determine c(2).
12
Let o(v) = -7*v + 75. What is o(17)?
-44
Let b(m) = -7*m**2 - 15*m + 27. Calculate b(2).
-31
Let m(u) = u + 13. Determine m(-9).
4
Let u(q) = q - 13. Calculate u(7).
-6
Let l(u) = u**3 + 8*u**2 - 3*u + 8. Determine l(-9).
-46
Let j(q) = 2*q**3 - 17*q**2 + 7*q + 4. Determine j(8).
-4
Let p(o) = 2*o**2 - 11*o + 16. Calculate p(3).
1
Let d(q) = q**2 - 5*q - 13. Calculate d(6).
-7
Let q(c) = -c**2 + 3*c + 27. Give q(-4).
-1
Let y(a) = -a**2 + 7*a + 46. Calculate y(9).
28
Let q(l) = -l**3 - 7*l**2 + 8*l - 8. Calculate q(-7).
-64
Let a(j) = j**3 + 5*j**2 - 4. Calculate a(-5).
-4
Let d(n) = 6*n. Calculate d(-5).
-30
Let s(q) = -q**3 + 5*q**2 - 2*q - 1. Calculate s(5).
-11
Let o(b) = 4*b**3 + 6*b**2 - b - 2. Calculate o(3).
157
Let q(o) = -o**3 + 3*o**2 + 2*o - 3. What is q(2)?
5
Let w(g) = -8*g - 35. Determine w(-5).
5
Let f(g) = g**3 - 18*g**2 + 18*g - 21. Give f(17).
-4
Let u(b) = b**3 - 7*b**2 - 12*b - 2. Give u(9).
52
Let i(x) = -x**2 - 17*x - 29. Give i(-16).
-13
Let v(i) = i**3 + 12*i**2 + 4*i + 11. Give v(-12).
-37
Let v(n) = n**3 - 4*n**2 - 3*n - 6. Determine v(5).
4
Let g(x) = 32*x - 249. What is g(8)?
7
Let y(m) = -m**2 - 15*m + 54. Calculate y(-18).
0
Let i(t) = 2*t**3 - 4*t**2 - 3*t + 3. Calculate i(4).
55
Let s(z) = 3*z**2 - 36*z + 29. Determine s(11).
-4
Let j(n) = 9*n + 12. Determine j(4).
48
Let l(t) = -t**2 - 7*t + 2. Determine l(-8).
-6
Let q(a) = a**2 + a - 1. What is q(-3)?
5
Let v(g) = -g**2 - 3*g + 10. Determine v(-7).
-18
Let x(f) = -2*f**3 + 55*f**2 - 28*f + 28. Determine x(27).
1
Let i(w) = -5*w**3 + w**2 - 7*w + 7. What is i(1)?
-4
Let o(c) = 2*c**2 + 15*c + 13. Give o(-7).
6
Let v(k) = -2*k**2 - 22*k + 1. Determine v(-11).
1
Let q(v) = -3*v. Calculate q(3).
-9
Let i(f) = 5*f + 10. Calculate i(6).
40
Let l(w) = w**2 - 4*w + 3. Give l(0).
3
Let s(q) = q**3 - 7*q**2 - 8*q - 5. What is s(8)?
-5
Let i(c) = 2*c + 35. What is i(-13)?
9
Let c(n) = 4*n**2 - 34*n - 12. Calculate c(8).
-28
Let w(m) = -25*m**2 - 2*m - 1. Calculate w(-1).
-24
Let h(w) = w + 6. Determine h(9).
15
Let h(f) = -2*f**3 + 10*f**2 - f + 5. What is h(5)?
0
Let c(k) = -3*k. Calculate c(0).
0
Let n(m) = -10*m - 116. What is n(-12)?
4
Let d(m) = -3*m - 1. Determine d(-1).
2
Let z(l) = 3*l**2 + 10*l + 14. Calculate z(-2).
6
Let x(z) = -z**3 + 6*z**2 + z - 10. Determine x(6).
-4
Let f(k) = -79*k**2 + 3*k - 2. Give f(1).
-78
Let y(z) = 5*z + 13. Give y(1).
18
Let u(b) = -b**3 - 2*b + 1. Determine u(-2).
13
Let v(w) = -17*w - 55. Give v(-5).
30
Let h(x) = -37*x + 2. Give h(1).
-35
Let v(d) = 2*d**2 - 16*d - 57. What is v(-3)?
9
Let s(z) = 6*z + 124. What is s(-19)?
10
Let u(r) = r**3 + 5*r**2 - 23*r + 11. Calculate u(-8).
3
Let u(b) = -29*b - 3. Calculate u(-2).
55
Let d(j) = j**2 - 3*j - 35. What is d(-6)?
19
Let r(m) = -m**2 - 14*m - 1. What is r(-15)?
-16
Let s(w) = -w**2 + 5*w + 33. Calculate s(7).
19
Let b(r) = r**2 - 4*r - 8. Determine b(-7).
69
Let j(k) = -10*k**2 + 8*k - 7. Determine j(1).
-9
Let a(d) = -5*d + 1. Give a(-3).
16
Let r(u) = -u**2 - 4*u - 1. What is r(-2)?
3
Let g(b) = -b**2 + 6*b - 16. Give g(6).
-16
Let q(p) = p**3 + 4*p**2 - 8*p + 1. Calculate q(-7).
-90
Let r(p) = -16*p + 599. What is r(37)?
7
Let i(q) = 2*q + 5. Calculate i(-2).
1
Let y(a) = -a**3 + 5*a**2 + 16*a - 16. What is y(7)?
-2
Let z(d) = d**3 - 12*d**2 - 16*d - 14. Calculate z(13).
-53
Let u(r) = 36*r**2 + 2*r + 1. What is u(-1)?
35
Let u(m) = m**2 - 6*m - 4. What is u(6)?
-4
Let n(o) = o**3 - 10*o**2 - 17*o + 67. Calculate n(11).
1
Let p(l) = -l**2 + 10*l - 9. Determine p(9).
0
Let s(h) = h**2 - 21. Calculate s(0).
-21
Let f(l) = -l**2 + 21*l - 34. What is f(24)?
-106
Let x(a) = a**3 - 31*a**2 + 29*a + 36. Determine x(30).
6
Let i(r) = 2*r**2 + 16*r + 14. Determine i(-7).
0
Let y(k) = k**3 - 8*k**2 - 7*k + 1. Give y(9).
19
Let p(g) = 2*g**2 - 2*g. Give p(2).
4
Let y(q) = q**2 - 2*q - 44. Give y(7).
-9
Let z(h) = h**3 - 43*h**2 - 91*h + 45. What is z(45)?
0
Let r(w) = -5*w**2 - 8*w - 8. What is r(-3)?
-29
Let o(a) = a**3 + 4*a**2 - 5*a - 2. Determine o(-4).
18
Let z(c) = 14*c + 31. Determine z(-7).
-67
Let l(y) = y**2 + 8*y + 7. What is l(-2)?
-5
Let c(p) = -p**2 - 15*p - 2. Calculate c(-14).
12
Let n(f) = 10*f - 4. Calculate n(5).
46
Let f(d) = d**3 + 21*d**2 - 24*d - 48. What is f(-22)?
-4
Let w(q) = -67*q - 146. Determine w(-2).
-12
Let h(f) = -f + 1. Calculate h(-8).
9
Let p(d) = 11*d - 69. What is p(8)?
19
Let j(g) = g**2 + 19*g + 18. Give j(-15).
-42
Let f(j) = 2